What is the units digit of y(s)?
7
Let j be 19*4*(-52)/52. Suppose -2*r - 3*r + 835 = 0. Let x = r + j. What is the units digit of x?
1
Let i(f) = 6*f**3 + 7*f**2 - f - 521. Let t(b) = b**3 + b**2 - b + 1. Let v(l) = -i(l) + 5*t(l). What is the hundreds digit of v(0)?
5
Let v(g) = -2*g**3 - 18*g**2 - 16*g + 17. Let d be v(-8). Let l(p) = 10*p**2 - 77*p - 45. What is the tens digit of l(d)?
3
Let g(d) = 4*d**2 - 26*d + 4136. What is the hundreds digit of g(75)?
6
Suppose -4*y = -3*u - 4, -5*u + 0*y = 4*y - 36. Suppose -7*v + 253 = u*v. Let b = 32 + v. What is the units digit of b?
5
Let f = 759 - 757. Suppose -f*c + 26 + 1548 = 0. What is the units digit of c?
7
Let b(u) = 39*u - 25. Let v be b(18). Suppose -v + 191 = -2*r. What is the hundreds digit of r?
2
Let i = -18 - -71. Let d = i - 49. Let r = d - -45. What is the units digit of r?
9
Suppose 133*b + 114443 = 1536346. What is the thousands digit of b?
0
Let n(m) = 2*m**2 + 26*m + 4. Let g be n(-13). Suppose -3*c + g*r + 569 = 5*r, -183 = -c - 2*r. What is the tens digit of c?
9
Suppose -250 = -69*x + 19*x. Suppose 0 = -7*s + 4 + 17, 1309 = 4*v - x*s. What is the units digit of v?
1
Suppose 16874 = 2*k - 1334*p + 1336*p, 3*k + p - 25317 = 0. What is the thousands digit of k?
8
Let n be (-272)/(-24) - 2/(-3). Let l be 9/(4/(32/n)). Suppose -l*w + 410 = -w. What is the units digit of w?
2
Suppose -a = 2*i - 4962, 3*i - 31*a = -29*a + 7415. What is the hundreds digit of i?
4
Let c(x) = -x**3 - 5*x**2 + x + 7. Let k be c(-5). Suppose l + 2 = 0, -k*l = 2*m - 34 - 52. Suppose m = b - 60. What is the hundreds digit of b?
1
Let p(q) = 10037*q + 115. What is the units digit of p(1)?
2
Suppose 4*n = 5*i + 20, -5*n = i + 2*i - 25. Suppose -12 = -i*p - 2*p. What is the tens digit of 78/(-9)*p/(-4)?
1
Let b = -3396 - -7655. Suppose 5*d = b - 1784. What is the hundreds digit of d?
4
Suppose 4 - 29 = 5*d + 5*h, -3*d - 2*h - 14 = 0. What is the tens digit of (d/(-20)*-9)/(15/(-350))?
4
Suppose 0 = l + 3, 6*i - 3*i - 72 = 4*l. Let r(v) = 2*v**2 - 31*v - 6. What is the tens digit of r(i)?
7
Suppose 5*o - 5*c - 85 = 0, 2*o - 4*c + 5*c = 28. Suppose -2*q + 2 = t - 10, -3*q + o = 0. Suppose -t*u + 1 = -189. What is the units digit of u?
5
Suppose 3*a + 1 = 2*a. Let v be (6*a - -3) + 0 - 0. What is the units digit of 2 - (v + -124) - -2*2?
3
Suppose 20 = -w + 6*w - 5*b, 0 = -3*w - b + 8. Let u(o) = 19*o + 2. Let d be u(6). Suppose -4*n + 153 = -s, 2*s + d = w*n - 0*n. What is the tens digit of n?
3
Let k(u) = -398*u**3 + u**2 + u - 4. Let s(b) = b**3 - 1. Let t(c) = k(c) - 4*s(c). Let v be t(-1). Let h = v + -261. What is the hundreds digit of h?
1
Suppose -i = -6*l + 210458, 26*l - 30*l + i + 140306 = 0. What is the tens digit of l?
7
Suppose 734 = 2*q - 0*m + 2*m, m = 2*q - 722. Suppose 0 = 7*z + 183 + q. Let a = -20 - z. What is the tens digit of a?
5
Suppose -13 = -2*v + 3*m, -5*v = 7*m - 8*m - 13. Let q be 0 + (-155)/(-1) - v. Suppose -2*l = -l - k - q, -4*l + 3*k + 612 = 0. What is the tens digit of l?
5
Suppose 135*m = 5*m + 4355260. What is the units digit of m?
2
Suppose -3*j = -6, -139209 = -333*q + 328*q - 2*j. What is the ten thousands digit of q?
2
Let u = -204 + 207. Let f(d) = 54*d**2 - 5*d + 5. What is the units digit of f(u)?
6
Suppose -13*z = -6*z - 1183. Suppose 2*y + 5*o = 233, 4*y + 4*o - z = 267. What is the tens digit of y?
0
Suppose -4*q + 16 = 0, 5*d - 30 = -5*q - 0. Suppose -g + 0 - 1 = 0. What is the units digit of d*1/(g/(-46))?
2
Let a = -249 - -293. Suppose -2*i = 40*y - a*y + 3718, 942 = y + 2*i. What is the tens digit of y?
3
Let t(w) = w**3 + w**2 + 2*w + 40. Let q be 2 - 23/(138/(-36)). What is the units digit of t(q)?
2
Suppose 2*v - 2*o + o = 20570, -v = -3*o - 10270. What is the thousands digit of v?
0
Let m = -69 + 55. Let o = -48 - m. Let p = o - -116. What is the tens digit of p?
8
Let g = -100 + 2750. What is the tens digit of g?
5
Suppose -2*t + 4*z + 16 = 0, 2*t - 26 + 10 = 5*z. Suppose -5*v - t = -v. Let y(w) = -53*w - 17. What is the units digit of y(v)?
9
Suppose -4*y = -3*y - 2. Suppose -y*k + 10 = 0, -t - 5*k = 2*t - 964. What is the units digit of t?
3
Let p be 3/(-2)*(-228)/9. Let a be (41/(-3))/(4/(-12)). Let n = a - p. What is the units digit of n?
3
Let f be 7 - (-9)/15*-5. Suppose f*r = -b + 314, b - 3*r + 14 = 321. What is the units digit of b?
0
Suppose -2*n + 4 = -0. Suppose -9 = -3*m, 1 - 5 = -2*b + n*m. Suppose -b*v + 145 = -0*v. What is the tens digit of v?
2
Let x = 186 + -183. Suppose d + 4*c = -d + 468, 3*d = -5*c + 699. Suppose p + d = x*p. What is the hundreds digit of p?
1
Let m(o) = 194*o**2 - 88*o + 2. What is the tens digit of m(2)?
0
Let f = -4229 - -7586. What is the units digit of f?
7
Suppose -3*n - 5*n + 32 = 0. Let i(d) = -10*d + 18. Let m(k) = -41*k + 71. Let s(g) = n*m(g) - 18*i(g). What is the units digit of s(6)?
6
Suppose 680 = -u - 3*y, 0 = 2*u + y + 795 + 590. Let h = 109 - u. What is the tens digit of h?
0
Suppose -2*x = -4*r - 111 - 305, 4*r - 808 = -4*x. Suppose 44*m = 43*m + 403. Let p = m - x. What is the tens digit of p?
9
Suppose 2460 + 10141 = 2*d + 3*y, -3*d - y + 18905 = 0. What is the units digit of d?
2
Let r be (2 + -26)/(3/(-8)). Suppose -2*b + r = 2*a - 112, b = a - 84. Let g = 63 + a. What is the tens digit of g?
4
Let m(v) = -v**3 - 90*v**2 + 24*v + 1278. What is the tens digit of m(-92)?
9
Suppose 3*f - 2*t + 0*t - 2 = 0, -t = -2*f + 3. Suppose 0 = f*z - 3*n - 196, 2*n + 13 = 2*z - 85. What is the units digit of z?
9
Let w(n) = 9*n**2 - 11*n - 13. Let s(c) = c**3 + c**2 - c + 1. Let y(k) = s(k) + w(k). Let x be y(-11). What is the units digit of (7 + 8/x)*(-106)/2?
3
Let a be (0 - (-42)/10)/((-205)/(-124025)). Suppose 0 = -6*m + 2241 + a. What is the tens digit of m?
9
Let l = 45 + 81. What is the tens digit of (146/6)/(14/l)?
1
Let v = -855 - -853. Let j(p) = 267*p**2 + p - 2. What is the units digit of j(v)?
4
Let t = -189 - 34. Suppose -5*m = -690 + 2535. Let n = t - m. What is the tens digit of n?
4
Suppose -y = 525 + 1687. Let j = 3900 + y. What is the tens digit of j?
8
Suppose 38 = i + 31. Suppose 1031 = i*m - 4996. What is the hundreds digit of m?
8
Suppose p = -b + 596, 3*b + 1788 = 3*p - 2*b. What is the tens digit of p?
9
Suppose 0 = -v - 4*a + 81, 9*a + 310 = 4*v + 11*a. Suppose -5 + 2 = 3*d, 5*d = -2*n + v. What is the units digit of n?
1
Suppose 19167 = 17*m - 43087. Let z = m - 2282. What is the units digit of z?
0
Suppose 0 = -y + 10*q - 14*q - 26, -2 = q. What is the units digit of (-2385)/y + (-2)/(-4)?
3
What is the ten thousands digit of ((-10234)/(-21))/((-44)/(-1914))?
2
Let m be 721*(6/(-28) + (-14)/(-28)). Suppose 4*l - 22 - m = 0. What is the units digit of l?
7
Let l(s) = 925*s**2 + 11*s - 5. Let f be l(2). Suppose -f = -d - 6*d. What is the hundreds digit of d?
5
Let z be (-988)/2*(-153)/102. Suppose 6 = 2*o, -g - z = -3*g - 5*o. What is the hundreds digit of g?
3
Suppose 991 = 4*j - 0*j + 5*s, -3*s + 9 = 0. Let z = -97 + j. What is the hundreds digit of z?
1
Suppose 20922 = 2*h + p - 3753, 3*h - 37008 = -2*p. What is the units digit of h?
2
Let i be 5/(-20)*-1*-28. Let z be ((-315)/(-49) - 3)/((-2)/i). Suppose -32*f = -28*f - z. What is the units digit of f?
3
Suppose -77*k + 502654 = -3011857. What is the thousands digit of k?
5
What is the thousands digit of (-63 + 4 - -11)*292/(-3)?
4
Suppose -12*o - 10*o - 9*o + 187023 = 0. What is the tens digit of o?
3
Let z be ((-22)/(-4))/((-5)/(-2) - 2). Suppose 0 = -0*k - z*k + 165. Let f(t) = -t**3 + 17*t**2 - 25*t - 1. What is the units digit of f(k)?
4
What is the hundreds digit of 9590 + (-10 - (6 + 0 + -7))?
5
Suppose 3*l - 90111 = -2*g, 13383 - 103487 = -2*g - 4*l. What is the hundreds digit of g?
0
Let g(h) = h**3 + 18*h**2 + 37*h + 16. Let b be g(-15). Let m = b - 128. What is the units digit of m?
8
Let o(k) = 57 + 0*k + k + 16 - k**2. Suppose -3*i = -0*i. What is the tens digit of o(i)?
7
Suppose -7*q = 319 - 109. Let o(f) = f**3 + 29*f**2 - 30*f + 54. What is the tens digit of o(q)?
5
Suppose 73*r = -8*r + 18*r + 2290743. What is the tens digit of r?
6
Suppose -8*t + 17*t = 45. Suppose -3*c - 2807 = -5*c - t*x, -7029 = -5*c - x. What is the hundreds digit of c?
4
What is the ten thousands digit of (-54960)/180*123/(-2)?
1
Let 